ghest common divisor of 130800 and 1500?
300
What is the highest common divisor of 11444 and 24?
4
What is the highest common divisor of 68 and 1343?
17
Calculate the highest common factor of 55119 and 456.
57
Calculate the greatest common divisor of 968 and 746.
2
What is the greatest common factor of 833625 and 741?
741
Calculate the highest common divisor of 10095884 and 316.
316
Calculate the greatest common factor of 158722 and 1586.
122
Calculate the greatest common factor of 1192 and 48574.
298
Calculate the greatest common factor of 75 and 118550.
25
Calculate the greatest common factor of 162168 and 12528.
696
Calculate the highest common divisor of 879 and 187813.
293
What is the highest common factor of 3312 and 715806?
414
Calculate the greatest common divisor of 564 and 345168.
564
Calculate the highest common factor of 231 and 471849.
21
Calculate the highest common factor of 56862 and 380133.
1053
Calculate the greatest common factor of 3 and 32199.
3
Calculate the greatest common factor of 208873 and 1113.
371
Calculate the greatest common divisor of 748 and 1707684.
748
What is the greatest common divisor of 25399 and 11?
11
What is the highest common divisor of 1065 and 2505?
15
Calculate the greatest common divisor of 169755 and 75.
15
What is the highest common divisor of 1280 and 4263040?
640
Calculate the greatest common divisor of 292 and 574948.
292
Calculate the greatest common divisor of 383653 and 407.
37
Calculate the highest common divisor of 169968 and 72.
24
Calculate the highest common factor of 1224 and 43776.
72
Calculate the greatest common factor of 79834 and 6690.
446
Calculate the highest common divisor of 8284 and 152.
76
What is the highest common divisor of 30229 and 8987?
817
Calculate the greatest common divisor of 26470 and 110.
10
What is the greatest common divisor of 4 and 49184?
4
Calculate the greatest common divisor of 13790 and 1834.
14
What is the highest common factor of 26696 and 611?
47
Calculate the highest common divisor of 3621 and 1632.
51
What is the highest common divisor of 21 and 535549?
7
Calculate the highest common divisor of 507 and 47489.
169
Calculate the greatest common divisor of 1784048 and 7616.
1904
Calculate the highest common factor of 96732 and 84.
12
Calculate the greatest common factor of 695538 and 9.
9
What is the highest common factor of 925855 and 4655?
245
What is the highest common divisor of 10 and 7108730?
10
What is the greatest common divisor of 10795 and 170?
85
What is the highest common divisor of 132 and 10860?
12
Calculate the highest common divisor of 291207 and 588.
147
Calculate the greatest common factor of 1440 and 165744.
144
What is the greatest common divisor of 48 and 137208?
24
Calculate the highest common factor of 1225 and 141225.
175
Calculate the greatest common divisor of 884327 and 207.
23
What is the highest common divisor of 449355 and 290?
145
What is the highest common factor of 54 and 267480?
18
Calculate the greatest common divisor of 84925 and 215.
215
What is the highest common divisor of 140025 and 75?
75
What is the greatest common divisor of 107863 and 4866?
811
What is the highest common factor of 893907 and 441?
441
What is the highest common factor of 3468 and 26724?
204
Calculate the greatest common factor of 309543 and 39.
39
Calculate the highest common divisor of 14391 and 8736.
39
What is the highest common factor of 63 and 9099?
9
What is the highest common divisor of 7698 and 4026?
6
Calculate the highest common factor of 1361888 and 146.
146
What is the highest common factor of 7575 and 50?
25
What is the highest common divisor of 28026 and 243?
81
What is the highest common divisor of 33 and 539165?
11
Calculate the highest common divisor of 40 and 37894280.
40
What is the greatest common divisor of 1445 and 1295876?
289
Calculate the highest common factor of 46157 and 5484.
457
What is the highest common factor of 208 and 12592?
16
Calculate the highest common factor of 674 and 26.
2
Calculate the greatest common divisor of 4348 and 92.
4
Calculate the highest common factor of 37151 and 1552.
97
Calculate the highest common factor of 4675 and 8245.
85
Calculate the greatest common factor of 1375 and 107125.
125
Calculate the greatest common divisor of 7299 and 279.
9
Calculate the greatest common divisor of 1356 and 192.
12
What is the highest common factor of 8102792 and 664?
664
What is the highest common factor of 585 and 55185?
195
Calculate the greatest common divisor of 256360 and 3400.
680
Calculate the greatest common divisor of 10701 and 19639.
41
Calculate the greatest common divisor of 7698 and 690.
6
Calculate the highest common factor of 3531 and 2937.
33
Calculate the highest common factor of 3965 and 325.
65
Calculate the highest common factor of 4508 and 5198.
46
What is the greatest common factor of 37 and 74888?
37
What is the highest common factor of 69 and 39031?
23
What is the highest common factor of 1129054 and 178?
178
What is the highest common factor of 4625 and 37?
37
What is the greatest common divisor of 310868 and 46?
46
What is the greatest common divisor of 1145 and 313501?
229
Calculate the greatest common divisor of 429 and 2847988.
143
What is the greatest common divisor of 29829 and 10797?
183
Calculate the greatest common divisor of 918 and 705636.
306
Calculate the greatest common factor of 1090216 and 40.
8
Calculate the highest common divisor of 16629 and 6.
3
Calculate the greatest common divisor of 91530 and 26406.
162
Calculate the highest common factor of 4368 and 35.
7
Calculate the highest common divisor of 6294 and 54.
6
What is the greatest common divisor of 13026 and 338?
26
Calculate the greatest common divisor of 19565 and 39.
13
What is the highest common divisor of 4884 and 116772?
444
Calculate the greatest common divisor of 28139 and 437.
19
Calculate the highest common factor of 70 and 41030.
10
Calculate the highest common divisor of 11 and 317449.
11
What is the highest common factor of 268 and 53734?
134
Calculate the greatest common factor of 56 and 280952.
56
What is the greatest common divisor of 59589 and 27?
27
What is the highest common factor of 180899 and 1387?
19
Calculate the greatest common divisor of 2512 and 1272.
8
Calculate the greatest common divisor of 59 and 723517.
59
Calculate the highest common factor of 674423 and 632.
79
What is the highest common divisor of 88 and 704?
88
What is the greatest common divisor of 323 and 1547?
17
What is the greatest common factor of 404 and 4733668?
404
What is the greatest common factor of 1072 and 6928?
16
Calculate the greatest common factor of 190 and 59390.
10
What is the highest common divisor of 325 and 2249?
13
Calculate the highest common divisor of 52 and 3009058.
26
What is the greatest common divisor of 1911 and 851865?
147
Calculate the greatest common factor of 126 and 8358.
42
What is the highest common divisor of 98 and 5334?
14
What is the highest common factor of 2625 and 2800?
175
What is the greatest common divisor of 69 and 3891?
3
Calculate the greatest common divisor of 3023636 and 22.
22
Calculate the highest common divisor of 819 and 12363.
39
Calculate the greatest common factor of 2240 and 1640.
40
What is the greatest common divisor of 21920 and 110080?
160
What is the highest common factor of 108 and 6066?
18
What is the greatest common factor of 279960 and 1590?
30
What is the greatest common divisor of 274854 and 228?
114
What is the highest common factor of 227844 and 48?
12
Calculate the highest common factor of 22 and 1463506.
22
What is the highest common factor of 46244 and 176?
44
What is the highest common divisor of 300 and 65500?
100
Calculate the highest common divisor of 11 and 9.
1
What is the highest common divisor of 672 and 188888?
56
Calculate the greatest common divisor of 728 and 473720.
104
What is the highest common divisor of 269200 and 800?
400
Calculate the greatest common divisor of 97337 and 57.
19
What is the greatest common divisor of 306 and 41259?
51
What is the highest common divisor of 6292090 and 10?
10
What is the highest common factor of 8 and 12541096?
8
Calculate the highest common divisor of 11643000 and 500.
500
Calculate the 